 digit of 17644366?
1
What is the ten thousands digit of 11798804?
9
What is the ten millions digit of 15175133?
1
What is the hundreds digit of 13502?
5
What is the hundreds digit of 37919078?
0
What is the tens digit of 1923744?
4
What is the thousands digit of 277835?
7
What is the ten millions digit of 24514040?
2
What is the tens digit of 568832?
3
What is the tens digit of 3426571?
7
What is the units digit of 288069?
9
What is the thousands digit of 739681?
9
What is the hundreds digit of 157127?
1
What is the millions digit of 12305405?
2
What is the units digit of 98520?
0
What is the ten thousands digit of 1628462?
2
What is the hundred thousands digit of 180726?
1
What is the tens digit of 163580?
8
What is the thousands digit of 4793986?
3
What is the millions digit of 28223862?
8
What is the units digit of 1403564?
4
What is the tens digit of 3947525?
2
What is the units digit of 2267089?
9
What is the tens digit of 1545432?
3
What is the units digit of 853967?
7
What is the ten thousands digit of 5113423?
1
What is the ten thousands digit of 522145?
2
What is the hundreds digit of 346573?
5
What is the tens digit of 8157324?
2
What is the hundreds digit of 328666?
6
What is the thousands digit of 46230?
6
What is the millions digit of 3175254?
3
What is the ten thousands digit of 5859406?
5
What is the ten thousands digit of 8085946?
8
What is the millions digit of 1552145?
1
What is the ten thousands digit of 336610?
3
What is the tens digit of 545548?
4
What is the units digit of 10723838?
8
What is the units digit of 9666622?
2
What is the tens digit of 3141520?
2
What is the units digit of 10901746?
6
What is the hundred thousands digit of 226696?
2
What is the hundreds digit of 940720?
7
What is the ten thousands digit of 90987?
9
What is the tens digit of 351290?
9
What is the units digit of 3822753?
3
What is the units digit of 5914405?
5
What is the hundred thousands digit of 963562?
9
What is the hundred thousands digit of 6769415?
7
What is the units digit of 1311672?
2
What is the tens digit of 533865?
6
What is the tens digit of 2503339?
3
What is the millions digit of 2746975?
2
What is the thousands digit of 195462?
5
What is the ten millions digit of 18552876?
1
What is the thousands digit of 288255?
8
What is the millions digit of 34660448?
4
What is the ten thousands digit of 48435?
4
What is the tens digit of 9725536?
3
What is the hundred thousands digit of 908455?
9
What is the units digit of 2607863?
3
What is the tens digit of 6920853?
5
What is the ten thousands digit of 10668485?
6
What is the ten thousands digit of 96832?
9
What is the hundred thousands digit of 4753584?
7
What is the ten millions digit of 10239651?
1
What is the units digit of 187427?
7
What is the hundred thousands digit of 441676?
4
What is the tens digit of 3298359?
5
What is the hundreds digit of 368462?
4
What is the ten millions digit of 12115890?
1
What is the thousands digit of 18199457?
9
What is the units digit of 700536?
6
What is the units digit of 180318?
8
What is the hundreds digit of 1485182?
1
What is the units digit of 134892?
2
What is the tens digit of 1082535?
3
What is the units digit of 7718029?
9
What is the hundreds digit of 179217?
2
What is the millions digit of 1346398?
1
What is the hundreds digit of 748843?
8
What is the hundreds digit of 167688?
6
What is the tens digit of 5403160?
6
What is the ten thousands digit of 1148724?
4
What is the hundred thousands digit of 1340246?
3
What is the thousands digit of 309427?
9
What is the units digit of 3139520?
0
What is the hundred thousands digit of 289642?
2
What is the tens digit of 569054?
5
What is the millions digit of 5884763?
5
What is the millions digit of 16383206?
6
What is the hundreds digit of 373677?
6
What is the tens digit of 930214?
1
What is the ten thousands digit of 131460?
3
What is the ten thousands digit of 1519239?
1
What is the thousands digit of 269698?
9
What is the hundreds digit of 272962?
9
What is the hundred thousands digit of 11482485?
4
What is the thousands digit of 23369470?
9
What is the hundreds digit of 1391865?
8
What is the hundreds digit of 207826?
8
What is the hundred thousands digit of 14319248?
3
What is the units digit of 214309?
9
What is the thousands digit of 5983313?
3
What is the tens digit of 2238277?
7
What is the units digit of 33829909?
9
What is the units digit of 326268?
8
What is the thousands digit of 894874?
4
What is the ten thousands digit of 5010602?
1
What is the ten thousands digit of 29481952?
8
What is the millions digit of 3617647?
3
What is the ten thousands digit of 352753?
5
What is the hundreds digit of 1638284?
2
What is the units digit of 191048?
8
What is the hundreds digit of 397069?
0
What is the thousands digit of 19040963?
0
What is the thousands digit of 324827?
4
What is the ten thousands digit of 5928393?
2
What is the tens digit of 163289?
8
What is the tens digit of 1162537?
3
What is the millions digit of 1848872?
1
What is the thousands digit of 407575?
7
What is the hundreds digit of 1930657?
6
What is the millions digit of 28241711?
8
What is the tens digit of 120512?
1
What is the thousands digit of 2494788?
4
What is the units digit of 3002399?
9
What is the hundred thousands digit of 2225171?
2
What is the ten thousands digit of 6865364?
6
What is the thousands digit of 131198?
1
What is the units digit of 2834825?
5
What is the hundreds digit of 137626?
6
What is the tens digit of 304961?
6
What is the thousands digit of 18237776?
7
What is the hundreds digit of 2818030?
0
What is the hundreds digit of 49661?
6
What is the hundreds digit of 471817?
8
What is the tens digit of 45204?
0
What is the units digit of 193371?
1
What is the thousands digit of 223572?
3
What is the tens digit of 443588?
8
What is the ten thousands digit of 178119?
7
What is the ten thousands digit of 4242305?
4
What is the ten thousands digit of 254676?
5
What is the thousands digit of 562945?
2
What is the ten thousands digit of 249909?
4
What is the millions digit of 1199559?
1
What is the hundred thousands digit of 1037892?
0
What is the hundreds digit of 1298112?
1
What is the tens digit of 219937?
3
What is the tens digit of 30032?
3
What is the thousands digit of 8560128?
0
What is the hundreds digit of 580662?
6
What is the units digit of 22701?
1
What is the ten thousands digit of 3202562?
0
What is the ten thousands digit of 141662?
4
What is the millions digit of 1828773?
1
What is the units digit of 318980?
0
What is the hundred thousands digit of 2249092?
2
What is the thousands digit of 3196712?
6
What is the millions digit of 1707669?
1
What is the thousands digit of 2355333?
5
What is the hundred thousands digit of 124079?
1
What is the units digit of 132260?
0
What is the hundreds digit of 2095634?
6
What is the hundred thousands digit of 24571547?
5
What is the hundreds digit of 50817?
8
What is the hundreds digit of 470578?
5
What is the hundreds digit of 4528475?
4
What is the hundreds digit of 11758067?
0
What is the hundred thousands digit of 822372?
8
What is the units digit of 82775?
5
What is the thousands digit of 98843?
8
What is the thousands digit of 840492?
0
What is the tens digit of 14075975?
7
What is the hundred thousands digit of 337819?
3
What is the thousands digit of 3989241?
9
What is the hundred thousands digit of 6639444?
6
What is the units digit of 361853?
3
What is the thousands digit of 58417?
8
What is the hundreds digit of 19174197?
1
What is the hundred thousands digit of 442787?
4
What is the thousands digit of 517655?
7
What is the ten thousands digit of 390760?
9
What is the ten thousands digit of 487261?
8
What is the thousands digit of 5479688?
9
What is the millions digit of 1500826?
1
What is the tens digit of 1560018?
1
What is the hundreds digit of 752502?
5
What is the thousands digit of 71218?
1
What is the hundreds digit of 6312209?
2
What is the tens digit of 92912?
1
What is the hundred thousands digit of 5602293?
6
What is the millions digit of 5425241?
5
What is the units digit of 555141?
1
What is the ten thousands digit of 8021248?
2
What is the millions digit of 3033054?
3
What is the units digit of 3541919?
9
What is the hundre